ivide x?
False
Suppose 2*z = z + 8. Is z a multiple of 2?
True
Suppose 154 = 3*f - 0*f + 5*q, -2*q - 182 = -3*f. Does 5 divide f?
False
Is 15 a factor of -4 + 1647/18*16/6?
True
Let w = 8 + -2. Let n be -1 + 3/(w/280). Let u = n + -77. Is 21 a factor of u?
False
Suppose 5*q - 49 - 276 = 0. Is q a multiple of 12?
False
Is 14 a factor of (1 - (2 + 27))*125/(-50)?
True
Let z = 3 + -13. Does 6 divide 1 - (-3 + 2 + z)?
True
Suppose o - 2*d + 6 = 0, o - d + 3 = -o. Suppose 4*h = -2*m + 22, 2*m - 8 = -0*m + 3*h. Let s = m + o. Is s a multiple of 3?
False
Let t be ((-2)/(-6) + -1)*-3. Let n be (-3)/6 + 130/4. Suppose t*m + 7 = 5*w - 21, -5*m = -3*w + n. Is w a multiple of 3?
False
Let b be (-5)/(-2) - (-2)/(-4). Suppose 4*t = b*t + 8. Is t a multiple of 3?
False
Suppose j - 96 = 3*j. Let c = 67 + j. Is c a multiple of 6?
False
Let x = 55 + -26. Does 12 divide x?
False
Is 2 - (-17)/(85/150) a multiple of 6?
False
Suppose 0 = 3*o - 9, -2*o - 1 - 5 = -4*v. Suppose d - 28 = -v*d. Is 3 a factor of d?
False
Let j(n) = 3*n**2 - 3 + 0*n**2 + 2*n**2 + n - 3*n**2. Let z be j(-4). Does 14 divide 1/5 - (-945)/z?
False
Let d be 4/14 - (-2300)/(-14). Let b = d - -230. Suppose 2*m - 2*h = 4*m - 34, 0 = 4*m + 5*h - b. Is 18 a factor of m?
False
Let u(c) = 44*c**2 - 4*c - 3. Let j be u(-2). Let l = j + -653. Is (-2)/(-3) - l/12 a multiple of 15?
False
Let v(l) = l**2 - 7*l - 3. Let s be v(7). Let n(t) = 14*t**2 + 4. Let b be n(s). Suppose -f = 3*f + r - b, 4*f - 134 = r. Is f a multiple of 16?
False
Suppose 6*o - 2*o = 184. Suppose k + 2 = o. Does 22 divide k?
True
Let c = -87 - -180. Does 6 divide c?
False
Let i be (-4)/18 - (-812)/9. Suppose 0 = -3*q + i + 114. Is 17 a factor of q?
True
Let k = -59 - 236. Let g = -159 - k. Suppose 2*v = 6*v - g. Is v a multiple of 17?
True
Let d(p) = -p - 5. Let c be d(-8). Suppose -3*z - z = 4*l, -2*l = c*z - 5. Is 3 a factor of z?
False
Suppose -5*j = 27 + 23. Let m be 4/j + 68/20. Suppose 0 = m*g + g - 136. Does 11 divide g?
False
Suppose -2*h + 25 = 3*h. Suppose h*u = 3*v - 91, -2*u = -u - 1. Is v a multiple of 11?
False
Suppose 0*r = -5*r + 10. Suppose -3 = r*b - 9. Suppose -2*t = 5*g - 6*t - 140, g - b*t - 39 = 0. Does 12 divide g?
True
Suppose 0 = 3*h - 6*h + 45. Let i = -5 + h. Is 5 a factor of i?
True
Suppose -2*u + 39 = u. Is 13 a factor of u?
True
Let f(s) = s**3 + s**2 + s + 8. Does 4 divide f(0)?
True
Does 12 divide 126*(20/(-6))/(-5)?
True
Let k(c) = c**2 - 2*c - 8. Let w be k(-9). Let j = w + -57. Does 10 divide j?
False
Suppose n - 137 = -c, 0 = 3*n - 2*c + 80 - 506. Suppose 8*s = 4*s + n. Is 9 a factor of s?
False
Suppose 29*m - 30*m = -39. Is 9 a factor of m?
False
Let j be (-1)/(-2 + 225/111). Let z = j - -52. Let x = z - 9. Does 3 divide x?
True
Let n(j) = 5*j + 2. Suppose -3 - 5 = -4*u. Is n(u) a multiple of 8?
False
Is (-4)/(-3 + (-24)/(-9)) a multiple of 4?
True
Suppose 9*i - 4 = 8*i. Let l(n) = 2*n - 7 + 4*n - 4*n - i*n. Does 5 divide l(-7)?
False
Let d(s) be the third derivative of 3*s**2 - 3/8*s**4 + 0*s + 0 + 0*s**3. Does 6 divide d(-2)?
True
Suppose -5*x = -x + 16. Let f = 2 + 0. Let v = f - x. Is 4 a factor of v?
False
Suppose -3*n + 245 = 2*n + 4*j, -4*n - 4*j + 192 = 0. Is n a multiple of 11?
False
Let x = 6 - 3. Suppose -3*t + 4 = -o, -5*o = -t + x*t - 48. Is o a multiple of 6?
False
Suppose -b - 4 = b. Is 7 a factor of b/3 - (-69)/9?
True
Let u(z) = z**2 + z. Let i be u(1). Suppose -i*j = w - 30, -5*j - 4*w + 74 = -2*w. Suppose -4*p + 3*p = -j. Is p a multiple of 7?
True
Suppose 0*o - 5*t - 90 = -5*o, 0 = -2*o + 5*t + 42. Is 8 a factor of o?
True
Let k(d) = 5*d - 13. Is k(6) a multiple of 11?
False
Suppose -157 = -4*c + 143. Suppose -2*l = -4*i - 4*l + 60, 5*i + 5*l - c = 0. Let n = i - 9. Is 3 a factor of n?
True
Suppose w - o - 66 = 0, -5*o - 190 + 55 = -2*w. Let k = 2 + -2. Suppose -c - b + 14 = -11, -3*c - 5*b + w = k. Does 15 divide c?
True
Let c(k) be the second derivative of -k**3/6 + 5*k**2 - 3*k. Let q be c(8). Suppose -g + n = -3*n - 5, -2*g = q*n - 30. Is 5 a factor of g?
False
Let k = -149 - -359. Suppose 0*y - 2*y - 142 = -4*a, 2*y = a - 34. Suppose 0 = -4*f + 5*v + 117, -5*f - 3*v = -k + a. Does 13 divide f?
False
Let i(q) = q**3 + 5*q**2 - 2*q. Let d be i(-6). Let c = 5 - -10. Does 5 divide (d/(-9) - 2)*c?
True
Suppose 0 = 5*i + 5*f - 50, 0 = 2*i - 5*f + 2*f. Suppose -4*p - i = -18. Suppose -p*z + 4*n = -23, 12 = 4*z - 3*n + 7*n. Does 4 divide z?
False
Let r = 0 - -2. Suppose -r*z + 5 = -3*p, -2*p - 8 = -3*z + 2*p. Suppose -z*y = -y - c - 74, -2*y + 64 = 3*c. Does 12 divide y?
False
Let s(w) = w**2 + 5*w + 2. Let r be s(-5). Let h = 6 - r. Suppose 5*p + 2*a = 189, 4*p + a = h*a + 165. Is p a multiple of 13?
True
Suppose 4*w = 2*j + 5*w - 23, -4*w + 47 = 3*j. Suppose -4*h + j*h = 0. Suppose -14 - 11 = -2*f + 3*m, h = -4*f + m + 25. Does 2 divide f?
False
Let h(u) be the second derivative of -u**5/20 - 2*u**4/3 - 4*u**3/3 + 4*u**2 - 3*u. Suppose -7*q + 3*q - 38 = -5*s, -2*q - s - 12 = 0. Is 15 a factor of h(q)?
True
Let o be 1670/18 + (-16)/(-72). Suppose l + 2*l = o. Does 11 divide l?
False
Suppose -6*r = -10*r + 12. Suppose -c = -r*k - 3*c + 82, 0 = -k + 4*c + 4. Is k a multiple of 12?
True
Let z = -36 + -58. Let h = 135 + z. Is 21 a factor of h?
False
Let o(l) = -l**2 + 6*l - 2. Is 7 a factor of o(3)?
True
Suppose -3*m = x + 2*m - 29, -3*x = -m - 23. Let s = 6 - -10. Let i = s - x. Is i a multiple of 7?
True
Suppose 3*u - 2*i = -2, 2*u + 6 = -3*u + 4*i. Suppose 0 = -u*n + 21 + 11. Is 4 a factor of n?
True
Let h = -6 - -9. Suppose -h*b + 172 = 4*f + b, 0 = 5*f - 5*b - 165. Is f a multiple of 23?
False
Suppose o = 5*o - 104. Let u be (-4)/8 - 2/(-4). Does 9 divide (u/(-2))/(-2) + o?
False
Let r = 164 - 28. Is 17 a factor of r?
True
Let b = -55 - -75. Is 4 a factor of b?
True
Suppose 5*x - 13 = -b, 0*x + b = -4*x + 10. Suppose 5*r = x*y + 53 + 37, 5*r - 120 = -3*y. Is r a multiple of 8?
False
Let z = 173 + -119. Is z a multiple of 27?
True
Let g(r) = 3*r. Let t be g(4). Is (-10)/8*t/(-1) a multiple of 5?
True
Suppose -5*z + 4*r = -0*r - 32, 4*z + r - 34 = 0. Does 3 divide z?
False
Let z = 27 + -12. Let o = z + 22. Does 14 divide o?
False
Let i be 274/8*(7 + -3). Let d = 221 - i. Suppose 3*w = -0*w + d. Is w a multiple of 14?
True
Let c = 54 - 1. Does 8 divide c?
False
Let r(u) = -5*u**2 - 4*u - 8. Let n(m) = -m**2 - m - 2. Let t(i) = -9*n(i) + 2*r(i). Let s be t(0). Suppose -d + 11 + 5 = 2*h, 24 = 4*h - s*d. Does 3 divide h?
False
Suppose 5*i - 367 - 678 = 0. Is i a multiple of 23?
False
Let h(n) = -n**3 + 10*n**2 + 12*n - 6. Let y be h(11). Let d(j) be the third derivative of j**4/8 + j**3/2 - j**2. Is 7 a factor of d(y)?
False
Let j(h) = -h**3 + 7*h**2 - 6*h - 5. Let f be j(6). Let k = f - -22. Is 3 a factor of k?
False
Let u = -11 + 1. Let h(x) = -2. Let j(q) = -q - 5. Let k(s) = -7*h(s) + 3*j(s). Is 11 a factor of k(u)?
False
Let r(t) = 2*t**3 - 3*t**2. Let a be r(2). Suppose 4*s - 8*s = 3*n - 192, a*n = -3*s + 144. Suppose 5*x - 27 - s = 0. Does 6 divide x?
False
Let j(n) = n**2 - n - 2. Is j(-4) a multiple of 6?
True
Suppose 3*h - 57 = 3*t, 5*h + t - 97 = -32. Let o(a) = -a + 34. Is o(h) a multiple of 20?
True
Is 10 a factor of 338/8 + (-2)/8?
False
Suppose -23 - 99 = -5*b - r, -5*b = 4*r - 128. Does 24 divide b?
True
Suppose 2*g - 5*g + 9 = 0. Suppose 4*d - 59 = g*z, -2*d = -d - 5*z - 36. Is 11 a factor of d?
True
Suppose -5*n + 640 = -n. Suppose j = -4*j + n. Is j a multiple of 16?
True
Let c = 1 + -1. Suppose 55 = 5*x - 3*f, c = 3*x - f - 11 - 22. Is 11 a factor of x?
True
Is 61 - ((-2)/1 + 3) a multiple of 15?
True
Let m = -4 + 24. Is 10 a factor of m?
True
Let t(c) = c**2 + 3*c - 11. Let u(i) = -3*i**2 - 10*i + 33. Let r(z) = -11*t(z) - 4*u(z). Is r(-10) a multiple of 8?
False
Suppose -5*k + 36 = -k - 4*w, k - 2*w - 13 = 0. Is k a multiple of 5?
True
Let n(p) be the first derivative of 2*p**3/3 - p**2/2 - 4. Let c be n(-1). Let a = 11 + c. Is 14 a factor of a?
True
Suppose p + 0*p - 118 = 5*r, 3*r = -p - 74. Is (23/(-4))/(6/r) a multiple of 16?
False
Let y(b) = 33*b**2 + 2*b + 2. Let i(t) = -98*t**2 - 7*t - 7. Let n(s) = 2*i(s) + 7*y(s). Is n(-1) a multiple of 13?
False
Let a be 16/(-20) + (-48)/(-10). Suppose 0 = a*l - 4, 0*k - 76 = -k + l. Is 32 a factor of k?
False
Sup